 - (-4 - -9))
-17
Calculate -6 + (-3 - 1) + 2 + 5.
-3
Calculate -5 + 7 - (24 + -4 + -3).
-15
37 + (46 - 28 - 38)
17
Evaluate (-15 - 12 - -9) + 41.
23
Calculate -10 + -13 - (26 - 28).
-21
Evaluate (0 - -1) + (9 - 6) - (45 + -60).
19
-5 - (35 - 21 - -6)
-25
Evaluate -36 + 77 + -65 - (21 - 3).
-42
Evaluate 33 + -30 + -1 + 6 + -11.
-3
What is 3 + (-4 - (-4 + -1)) - (1 + 6)?
-3
-3 + 4 + -11 + 4 + 2 + -4
-8
What is -1 - -3 - 43 - (449 + -467)?
-23
What is the value of -4 + 3 + -3 + (17 - 0) + -5?
8
Calculate -13 - (9 - (15 + -10 + 7 - 4)).
-14
-8 + (9 - 14) - -16
3
Evaluate -20 + 26 + (23 - 42).
-13
Calculate 5 + (-7 - 33 - -17).
-18
Evaluate -9 + 1 + 2 + 2 + (-49 - -62).
9
Evaluate -13 + 2 + -4 + (-1 - -9).
-7
Calculate 2 - (-9 + 5 + -7).
13
Evaluate 0 + 31 - (194 + -182).
19
Evaluate -142 - -110 - (-14 + 20).
-38
Evaluate -1 - (-78 + 85 + 2 + -2 + -21).
13
Calculate -6 + -3 + -3 + (71 - 65).
-6
(-39 - -39) + 1 + -9
-8
What is the value of (-11 + -9 + 10 - -7) + 7 + 0?
4
-6 - 0 - (13 - 19 - (-9 + 3))
-6
Evaluate -15 - ((-1 - -6) + -5).
-15
Evaluate 4 + -7 + (-1 + 1 - (-6 + 7)).
-4
-8 - (-3 + 3 + 7 + -8)
-7
-930 - -935 - (1 + 8)
-4
What is -15 + (-4 - (-5 + -7)) + 17?
10
Calculate -1 + 7 + -3 + 4 + 2 + -15.
-6
Calculate 14 + 0 + -4 + -58 + 46.
-2
(328 - 305) + -14 + 1
10
What is the value of -15 - (4 + -14) - -18?
13
What is the value of 14 + (-56 - 6) + (5 - (4 - 9))?
-38
Calculate 6 + -4 + 2 + (4 + -2 - 4).
2
Calculate (-1 + 3 - -4) + (5 - (3 - -1)).
7
Calculate 2 - -14 - (109 - 101).
8
What is the value of -11 - (-8 - -2) - (-3 - (16 - 5))?
9
(10 - (8 + 0)) + -12
-10
What is the value of (16 - 12 - (20 + -7)) + 15?
6
Calculate -29 + (-24 - -37 - 6).
-22
What is the value of -5 - (13 + (1 + 6 - 2 - 7))?
-16
Evaluate 9 - 0 - ((-1 - (-2 + 10)) + 8).
10
What is (-27 - -4) + -6 + (9 - 10) + 5?
-25
What is 0 + 23 - (1 + 4)?
18
What is 1 + 24 - (962 + -943)?
6
What is (-11 - -14) + (-10 + 5 - -3)?
1
-9 + 12 + 101 + -123
-19
What is the value of (-2 - -1) + -10 + (41 - 46)?
-16
4 - ((-17 - -5) + 9 + -1)
8
What is -2 - (-2 + -7) - (-128 - -126)?
9
What is 30 - (17 - 9 - -34)?
-12
Calculate -15 + 10 + -22 - (3 - (1 + -1)).
-30
What is 1 - (-1 + -7 - -11) - 11?
-13
9 - ((7 - 16) + 14)
4
-1 - (18 - 10) - -3 - (-1 + -3)
-2
9 + (-14 - -14) + -14
-5
What is 6 - (-27 - -36 - -1)?
-4
What is (-10 - 4) + -90 + 97?
-7
Evaluate (24 - (4 + 7)) + -10.
3
What is the value of 5 + (-1 - (-14 - (-5 + 0)))?
13
Evaluate (16 - (43 - 8)) + 6.
-13
What is the value of -29 - (1 + -29) - -5?
4
Calculate 0 + 13 - -16 - 17.
12
Evaluate -56 + 33 + -5 + 21.
-7
Evaluate 5 + 3 + 4 + -9 - 17.
-14
What is the value of -1 + (-14 - (-36 + 25))?
-4
39 + -30 - 22 - (-16 + 1)
2
What is 14 + (-93 - -108 - (3 - (-1 - 6)))?
19
What is -2 + (-19 - -2) + -32 + 20?
-31
Calculate 4 - (13 - (-8 - 3)).
-20
Calculate 0 + (6 - (3 - -20)) + -5.
-22
-6 + (-3 - -5) - (-7 + -3 + 3)
3
Calculate (4 + (-3 - -11) - 2) + -6 - 25.
-21
What is -3 + 7 + -6 + -13?
-15
What is the value of (6 - 1) + (158 - 151)?
12
1 - 1 - -3 - (88 - 80)
-5
Calculate (3 - -1) + 5 - (-12 + 20).
1
What is the value of -6 + (-8 - (-55 + (2 - -9)))?
30
What is the value of (-2 - -10) + 49 + -63 + -23 + -1?
-30
What is the value of -20 + -6 + (1 - (-5 - 16))?
-4
-27 - (-3 + (17 - 4) + -26)
-11
Evaluate -9 - (-8 + 7 + -23 + 3).
12
Evaluate -2 - ((-9 - (5 + -8)) + (1 - 4)).
7
What is the value of -193 - -175 - (7 + -9)?
-16
What is the value of -54 - (-43 - (-34 - -26))?
-19
Evaluate (-3 - -11) + (339 - 365).
-18
-9 + 5 + 22 - 4
14
What is (4 - 12) + 17 - (10 + -3)?
2
11 + -5 - (20 + -11 + 5)
-8
Calculate (-2 - 26) + (-809 - -838).
1
17 + (-22 - 4) - 8
-17
-4 + 5 + -1 + 21 - 8
13
Calculate -3 + 1 + -7 + 1 + 13.
5
Calculate 15 - (11 - -3) - ((0 - -11) + 5).
-15
Calculate (-5 - -13) + (-23 - 0).
-15
Calculate (827 - 814) + (-2 - 23) + -1.
-13
What is the value of -39 + 58 + -17 - (10 - -1)?
-9
What is -12 - ((-18 - 0) + -133 + 131)?
8
Calculate 10 - (-17 - (-5 - 7)) - 3.
12
Evaluate 16 + -2 + -21 + 10.
3
Evaluate -4 + 8 + (2 - (-7 - -13)).
0
What is 4 + (-146 - -134) + (-17 - -1)?
-24
Evaluate (19 - 6) + 12 + -4 + 1.
22
What is the value of 5 + -12 + 9 + 1?
3
(82 + -43 - -13) + -34
18
What is 0 + 25 + -20 - (10 - 0)?
-5
-743 + 748 - (-1 + -4)
10
What is the value of -4 - (199 + -215 - (0 - 7))?
5
((1 - (8 + -1)) + 5 - -1) + -3
-3
What is (-39 - -33) + (2 - 4 - 3)?
-11
Calculate 9 + (9 - (13 + -2)) + 7.
14
What is 11 + 1 + -9 + -12?
-9
Evaluate 17 - ((1 - 1) + 57 + -45).
5
Calculate -2 + (1 - 1) - (-2372 + 2346).
24
Evaluate 11 + -10 + (5 - 26) + 9.
-11
40 + -55 + (-2 - -2) + 3
-12
-33 - (-3 - -3) - -65
32
Evaluate -5 - -12 - (-17 + 11).
13
Evaluate -2 + (-7 - 5) + 2.
-12
Calculate (38 + 9 - 25) + 8.
30
What is the value of (-10 + 3 - (-8 - 2)) + -3 + -21?
-21
What is the value of -38 + 59 + -9 + 1 + -10?
3
What is the value of 9 + 3 + 3 + -10 + (-2 - -3)?
6
What is the value of 4 + -16 + 1 + 3?
-8
Calculate 8 + -20 - (5 + -13) - 17.
-21
Calculate 10 - ((0 + -7 - -17) + -4 - 11).
15
4 + (2 - 0) - (-14 - (-8 + -6))
6
What is 18 + (18 - (-11 + 36) - 5)?
6
Calculate 21 + -13 - (-7 + 10).
5
What is (-3 - 1) + (1 - 6 - -1) + -1?
-9
Evaluate (35 - 41) + (-14 + 7 - 6).
-19
Evaluate 4 + (-16 + 3 + 8 - (3 + 1)).
-5
What is 0 + -2 + 2 + (68 + -53 - 14)?
1
What is the value of (-5 + 12 - (3 + -4 + 4)) + -6?
-2
What is the value of (-1646 - -1653) + (0 + -17 - 1)?
-11
What is the value of -2 - (-6 + -8 + (4 - 4))?
12
Calculate 4 + (38 + 1 - (-51 - -56)).
38
Calculate (-3 + 1 + -21 - 1) + -211 + 201.
-34
(-7 + 3 - -9) + -3 + 12
14
Calculate -7 + -7 + 10 + (4 - 13).
-13
What is 2 - 7 - (3 + 11 + -19) - -10?
10
18 + (3 - 30) + 24 + 0
15
-24 + 13 + 12 + (6 - 26)
-19
What is 4 + (-12 - (-1 - 2) - -6) - -3?
4
What is the value of (2 - (-2 + 8)) + (-2 - (-14 - 4))?
12
Evaluate -2 + 0 + -8 + 18 + -28.
-20
Evaluate -11 + -4 - (11 - 6 - (6 - -4)).
-10
49 + -31 - -1 - (1 + 6)
12
Calculate 53 - 15 - (-21 + 25).
34
-11 - 1 - (1 + -9) - (-8 - -1)
3
24 + -17 + 4 - 14
-3
Calculate 2 + -1 - (-15 - -21 - 18 - 2).
15
Calculate 1 + -2 + 5 + -1 + -9 - 1.
-7
22 + (8 - -1) + -39
-8
Calculate 9 + 6 + (-78 - -38).
-25
What is the value of -7 - (-38 - -39) - (17 + -1 + -1)?
-23
What is (-6 - (-3 - (-2 - -5))) + -3 + -9?
-12
Calculate 8 + (0 - (2 - 10)) + -49.
-33
Evaluate -1 + (-14 - -8 - -9) + 4.
6
What is -9 - (-18 - -21 - 13)?
1
Calculate 6 + -5 + 6 + -6 + -2.
-1
Calculate -7 - (18 - 28) - (-7 - 0).
10
Evaluate ((-11 - -14) + -18 - -7) + 7 + -2.
-3
Evaluate (2 + 1 - -2) + 13 + -6.
12
9 - (-1 + 4) - 1 - 5
0
What is -8 + -12 - -10 - -23?
13
Calculate -1 + 8 + -8 + -3.
-4
Evaluate 0 - 21 - (9 + -10 + 1).
-21
What is the value of 2 + 0 + (-9 - (-1 - 2)) + -6?
-10
What is 20 + (2 - (-13 + 17))?
18
What is 3 - (4 + 6 - 9) - (-2 + 6)?
-2
Evaluate (-13 - -5) + 4 + -16 + 10.
-10
-2 + (0 + 4 + 2 - (-3 - -13))
-6
Calculate 14 + (-2 - (-3 + 4) - 31).
-20
Calculate -12 - (10 + -6 + -9).
-7
What is -2 - (-18 + -4 + 27 - (-3 + 0))?
-10
(50 - 45) + (13 - 1) + -6 - 9
2
Evaluate 185 + -174 - (1 - -48 - 4).
-34
Evaluate (-8 - 0) + (2 + -11 - -4) + 1.
-12
What is the value of 21 + 27 + -39 - 8?
1
(-8 - -2) + 3 + 5 + -8
-6
-1 + 19 - (-321 + 336)
3
What is the value of (-1 - (-8 - (-4 - 2))) + 4 + 3?
8
What is 23 - (-30 - -15 - -4) - 14?
20
What is the value of -10 + (11 - 0) + 199 + -212?
-12
9 - (-34 + 49 - 8)
2
What is (10 - 2) + -10 + -1 + 0?
-3
Evaluate 30 + 9 + (-32 - 17).
-10
What is the value of 153 + -127 - (4 - -5)?
17
What is the value of -7 - (5 - (4 + 15) - -5) - 7?
-5
What is 7 + -20 - (0 + -12 + 4)?
-5
Evaluate -26 - (-18 - (-8 + -1 + 4)).
-13
Evaluate -27 + 22 - 7 - -17.
5
119 + -114 + (-3 - -2)
4
-11 + 5 - ((4 - 27) + 3 + 2)
12
What is the value of 18 + (4 - (1 + -7 + -4) - 7)?
25
Evaluate (77 - 34) + 19 + -32.
30
Evaluate (-2869 - -2862) + (0 - 1 - -7).
-1
What is 2 + -3 + (93 - 81) - (0 - -2)?
9
What is the value of -5 - -6 - (-5 + 5 + -3)?
4
5 + (-3 + 3 - 2) + -4 + -3
-4
What is the value of (3 - (-3 - (8 - 10))) + -4?
0
What is 0 - -2 - (-26 + 14)?
14
Evaluate -24 + (-8 - -43) - -6.
17
Evaluate -12 + -2 + 16 + -13.
-11
(-192 - -182) + (-2 - -30 - 2)
16
What is 4 + 8 + -10 + 7 + -2?
7
What is 12 + 11 + -1 + -24?
-2
Evaluate -10 + (-2 - -5) + 2 - (32 + -37).
0
What is (-4 - 